git of 255699?
9
What is the units digit of 810039?
9
What is the hundred thousands digit of 6745929?
7
What is the ten thousands digit of 339368?
3
What is the ten thousands digit of 46849?
4
What is the tens digit of 1965588?
8
What is the tens digit of 4031534?
3
What is the hundreds digit of 2455609?
6
What is the ten thousands digit of 115911?
1
What is the tens digit of 5774?
7
What is the hundred thousands digit of 764655?
7
What is the hundreds digit of 147643?
6
What is the thousands digit of 11820063?
0
What is the units digit of 2220449?
9
What is the hundred thousands digit of 13395184?
3
What is the ten thousands digit of 34972745?
7
What is the millions digit of 26097610?
6
What is the units digit of 1441834?
4
What is the hundred thousands digit of 440810?
4
What is the hundreds digit of 27667?
6
What is the tens digit of 176930?
3
What is the thousands digit of 1200658?
0
What is the ten millions digit of 10093298?
1
What is the ten thousands digit of 709459?
0
What is the tens digit of 1328486?
8
What is the hundreds digit of 235232?
2
What is the units digit of 112519?
9
What is the tens digit of 7727705?
0
What is the millions digit of 1463343?
1
What is the hundreds digit of 1007513?
5
What is the ten thousands digit of 151775?
5
What is the hundred thousands digit of 864521?
8
What is the tens digit of 4893635?
3
What is the hundred thousands digit of 154344?
1
What is the ten millions digit of 26664196?
2
What is the hundred thousands digit of 7081501?
0
What is the tens digit of 880193?
9
What is the hundreds digit of 435980?
9
What is the hundred thousands digit of 5362750?
3
What is the hundreds digit of 1502?
5
What is the units digit of 67136?
6
What is the units digit of 485719?
9
What is the millions digit of 30534305?
0
What is the tens digit of 2120047?
4
What is the ten thousands digit of 514010?
1
What is the hundreds digit of 11431925?
9
What is the thousands digit of 531813?
1
What is the units digit of 232235?
5
What is the thousands digit of 517013?
7
What is the thousands digit of 89067?
9
What is the hundreds digit of 3178192?
1
What is the units digit of 2631263?
3
What is the hundreds digit of 474950?
9
What is the hundred thousands digit of 226648?
2
What is the hundred thousands digit of 684538?
6
What is the thousands digit of 4772029?
2
What is the ten millions digit of 40389967?
4
What is the units digit of 1722585?
5
What is the hundreds digit of 16498130?
1
What is the ten thousands digit of 877513?
7
What is the hundred thousands digit of 2128512?
1
What is the hundreds digit of 346939?
9
What is the ten thousands digit of 265882?
6
What is the tens digit of 33045?
4
What is the millions digit of 1669308?
1
What is the tens digit of 2468682?
8
What is the tens digit of 290589?
8
What is the ten thousands digit of 514072?
1
What is the tens digit of 473368?
6
What is the hundred thousands digit of 1874362?
8
What is the thousands digit of 106072?
6
What is the hundreds digit of 4028197?
1
What is the units digit of 19723672?
2
What is the ten thousands digit of 19898686?
9
What is the units digit of 390137?
7
What is the hundred thousands digit of 884438?
8
What is the units digit of 35674513?
3
What is the ten millions digit of 11196948?
1
What is the thousands digit of 163830?
3
What is the ten thousands digit of 16268502?
6
What is the tens digit of 798898?
9
What is the hundreds digit of 1218445?
4
What is the tens digit of 72505?
0
What is the hundred thousands digit of 6815810?
8
What is the hundreds digit of 704542?
5
What is the tens digit of 681699?
9
What is the tens digit of 591245?
4
What is the units digit of 6963?
3
What is the hundred thousands digit of 20879730?
8
What is the tens digit of 9972636?
3
What is the thousands digit of 5406?
5
What is the thousands digit of 2526400?
6
What is the millions digit of 26150159?
6
What is the ten thousands digit of 562314?
6
What is the millions digit of 7557108?
7
What is the tens digit of 277584?
8
What is the ten thousands digit of 1719005?
1
What is the thousands digit of 763454?
3
What is the units digit of 822086?
6
What is the hundred thousands digit of 8087873?
0
What is the hundred thousands digit of 2359712?
3
What is the units digit of 170553?
3
What is the ten thousands digit of 1342518?
4
What is the tens digit of 35509?
0
What is the units digit of 3026086?
6
What is the thousands digit of 14626935?
6
What is the units digit of 3755698?
8
What is the hundred thousands digit of 25124035?
1
What is the ten thousands digit of 6292632?
9
What is the units digit of 620154?
4
What is the units digit of 100953?
3
What is the ten millions digit of 24378170?
2
What is the units digit of 483352?
2
What is the ten thousands digit of 560690?
6
What is the thousands digit of 378420?
8
What is the units digit of 492878?
8
What is the units digit of 97914?
4
What is the ten thousands digit of 349803?
4
What is the ten thousands digit of 11408?
1
What is the tens digit of 229223?
2
What is the tens digit of 6170144?
4
What is the hundred thousands digit of 3989866?
9
What is the hundred thousands digit of 29489848?
4
What is the hundreds digit of 3430842?
8
What is the ten thousands digit of 483927?
8
What is the hundreds digit of 158880?
8
What is the tens digit of 2616573?
7
What is the ten thousands digit of 127364?
2
What is the tens digit of 318215?
1
What is the millions digit of 1253095?
1
What is the units digit of 56269?
9
What is the tens digit of 2332270?
7
What is the hundred thousands digit of 18932385?
9
What is the thousands digit of 28787?
8
What is the hundred thousands digit of 4028834?
0
What is the millions digit of 17739428?
7
What is the tens digit of 12802701?
0
What is the hundred thousands digit of 2081127?
0
What is the hundreds digit of 182299?
2
What is the hundred thousands digit of 5707829?
7
What is the units digit of 85783?
3
What is the hundred thousands digit of 1381041?
3
What is the units digit of 219086?
6
What is the hundred thousands digit of 486835?
4
What is the units digit of 401745?
5
What is the ten thousands digit of 840034?
4
What is the units digit of 3211550?
0
What is the hundreds digit of 41337?
3
What is the hundred thousands digit of 29705797?
7
What is the units digit of 710668?
8
What is the tens digit of 4141639?
3
What is the thousands digit of 9820674?
0
What is the millions digit of 4251641?
4
What is the thousands digit of 2472163?
2
What is the ten thousands digit of 2797989?
9
What is the hundred thousands digit of 17661051?
6
What is the hundred thousands digit of 2214562?
2
What is the units digit of 21617334?
4
What is the hundreds digit of 3832594?
5
What is the hundreds digit of 7350494?
4
What is the tens digit of 1284991?
9
What is the units digit of 8660413?
3
What is the hundred thousands digit of 7319540?
3
What is the hundreds digit of 158818?
8
What is the ten thousands digit of 3681660?
8
What is the units digit of 34770?
0
What is the ten thousands digit of 14114269?
1
What is the thousands digit of 195485?
5
What is the ten thousands digit of 2535007?
3
What is the hundred thousands digit of 103467?
1
What is the ten thousands digit of 8152257?
5
What is the units digit of 34219135?
5
What is the tens digit of 408113?
1
What is the millions digit of 7137622?
7
What is the thousands digit of 3562182?
2
What is the thousands digit of 43297?
3
What is the millions digit of 1563665?
1
What is the hundred thousands digit of 5175026?
1
What is the units digit of 249907?
7
What is the hundreds digit of 2460611?
6
What is the hundred thousands digit of 1970692?
9
What is the tens digit of 4597479?
7
What is the tens digit of 190957?
5
What is the hundred thousands digit of 232846?
2
What is the thousands digit of 1393226?
3
What is the tens digit of 35640?
4
What is the units digit of 13332113?
3
What is the millions digit of 1780842?
1
What is the hundreds digit of 477283?
2
What is the hundred thousands digit of 688569?
6
What is the hundred thousands digit of 24854006?
8
What is the tens digit of 2611770?
7
What is the millions digit of 2613942?
2
What is the hundreds digit of 9122456?
4
What is the thousands digit of 980323?
0
What is the ten thousands digit of 71464